{"id":9208,"date":"2021-09-29T13:48:19","date_gmt":"2021-09-29T13:48:19","guid":{"rendered":"https:\/\/blog.jokerbet.es\/?page_id=9208"},"modified":"2024-07-16T14:53:56","modified_gmt":"2024-07-16T12:53:56","slug":"apuesta-acumulada","status":"publish","type":"page","link":"https:\/\/www.jokerbet.es\/blog\/diccionario\/apuesta-acumulada\/","title":{"rendered":"Apuesta acumulada"},"content":{"rendered":"\n<figure class=\"wp-block-image\"><img decoding=\"async\" src=\"https:\/\/www.jokerbet.es\/blog\/wp-content\/uploads\/2021\/09\/apuesta-acumulada.jpg\" alt=\"La imagen tiene un atributo ALT vac\u00edo; su nombre de archivo es apuesta-acumulada.jpg\"\/><\/figure>\n\n\n\n<p>Las apuestas acumuladas, tambi\u00e9n conocidas como combinadas o m\u00faltiples, son un tipo de acci\u00f3n en apuestas deportivas mediante la que se unen distintas apuestas de distintos mercados e incluso deportes para obtener una apuesta final combinada.<\/p>\n\n\n\n<p>Estos tipos de apuesta tienen la particularidad de que todas las cuotas utilizadas se acumulan para dar una cuota final resultante. Es decir, las cuotas se multiplican entre s\u00ed para que obtengas una cuota mucho mayor a la inicial a cambio de aumentar las variables que afectan a la apuesta acumulada final.<\/p>\n\n\n\n<p>Dicho de otro modo, cuando empleas las apuestas acumuladas conseguir\u00e1s combinar cuotas y lograr una cuota final m\u00e1s elevada. A cambio, en las apuestas acumuladas deber\u00e1s acertar todos y cada uno de los resultados predichos para que la apuesta combinada sea dada como acertada.<\/p>\n\n\n\n<h2 class=\"wp-block-heading\" id=\"h-ejemplos-de-apuestas-acumualdas\"><a><\/a>Ejemplos de apuestas acumualdas<\/h2>\n\n\n\n<p>Para dejar claro exactamente el funcionamiento de este tipo de apuestas, a continuaci\u00f3n te mostramos dos ejemplos de apuestas acumuladas con las que podr\u00e1s comprender en un mayor grado las caracter\u00edsticas de estas acciones en apuestas deportivas.<\/p>\n\n\n\n<p><strong>Ejemplo 1:<\/strong> En esta ocasi\u00f3n realizamos una apuesta combinada de 3 resultados para los pr\u00f3ximos partidos de Champions.<\/p>\n\n\n\n<ul>\n<li>Sevilla vs. Granada (Sevilla 1.66).<\/li>\n\n\n\n<li>Bar\u00e7a vs. Real Madrid (Bar\u00e7a 3.25).<\/li>\n\n\n\n<li>Villarreal vs. Valencia (Villarreal 2.50).<\/li>\n<\/ul>\n\n\n\n<p>La cuota total combinada resulta en 13.54. Este es el resultado de multiplicar las cuotas que hemos seleccionado en nuestra apuesta combinada. Es decir, si realizamos una apuesta de 10,00\u20ac, la ganancia potencial final, si acertamos todas las predicciones, ser\u00e1 de 135,41\u20ac.<\/p>\n\n\n\n<p><strong>Ejemplo 2:<\/strong> En este caso nos centraremos en realizar tambi\u00e9n una apuesta combinada de 3 resultados en eventos distintos de la NBA.<\/p>\n\n\n\n<ul>\n<li>Milwaukee Bucks vs. Brooklyn Nets (Milwaukee de 6-10, cuota 4.75).<\/li>\n\n\n\n<li>Hornets vs. Pacers (Pacers 2.10).<\/li>\n\n\n\n<li>Raptors vs. Wizards (Raptors 1.64).<\/li>\n<\/ul>\n\n\n\n<p>En este supuesto la cuota combinada final es de 16.42. De nuevo, este valor es el resultante de multiplicar las cuotas individuales de cada evento. Por tanto, con una apuesta de 10,00\u20ac la ganancia potencial combinada ser\u00e1 de 164,29\u20ac. Para conseguir que la apuesta combinada sea dada como acertada deberemos predecir correctamente los 3 resultados.<\/p>\n\n\n\n<h2 class=\"wp-block-heading\" id=\"h-diferencia-entre-las-apuestas-acumuladas-y-de-sistema\"><a><\/a>Diferencia entre las apuestas acumuladas y de sistema<\/h2>\n\n\n\n<p>Las apuestas acumuladas, combinadas o m\u00faltiples son normalmente confundidas con las apuestas de sistema. Esto se debe, generalmente, a que en ambos tipos de apuesta se pueden utilizar muchos eventos deportivos distintos y que pueden tener lugar pr\u00f3ximamente en el tiempo.<\/p>\n\n\n\n<p>Sin embargo, la gran diferencia entre las apuestas acumuladas y las de sistema es que, en el caso de las apuestas m\u00faltiples deber\u00e1s acertar todas y cada una de tus predicciones para lograr resultados positivos. En cambio, en algunas apuestas de sistema es posible conseguir beneficios incluso si fallamos las predicciones de algunos eventos.<\/p>\n\n\n\n<p>Algunos ejemplos de apuestas de sistema en las que fallando pron\u00f3sticos se pueden seguir consiguiendo ganancias son; Yankee, Super Yankee, Lucky 15, Heinz, etc.<\/p>\n\n\n\n<p>Realiza una apuesta personalizada con tus eventos deportivos favoritos de la jornada y disfruta de las elevadas cuotas de las apuestas acumuladas.<\/p>\n\n\n\n<p style=\"border: 1px solid #cacaca; padding: 5px;\"><strong>AVISO:<\/strong> la informaci\u00f3n recogida en esta p\u00e1gina tiene por objeto facilitar al usuario un r\u00e1pido conocimiento de las principales caracter\u00edsticas del juego. \u00c9sta recoge un extracto del formato, valores y mec\u00e1nicas del propio juego que se reflejan \u00edntegramente en las reglas del mismo y cuya lectura te aconsejamos. El contenido de esta p\u00e1gina carece de valor contractual y puede ser modificado en cualquier momento, acude siempre a las reglas de los juegos para obtener la \u00faltima informaci\u00f3n v\u00e1lida.<\/p>\n","protected":false},"excerpt":{"rendered":"<p>Las apuestas acumuladas, tambi\u00e9n conocidas como combinadas o m\u00faltiples, son un tipo de acci\u00f3n en apuestas deportivas mediante la que se unen distintas apuestas de distintos mercados e incluso deportes para obtener una apuesta final combinada. Estos tipos de apuesta&hellip;<\/p>\n","protected":false},"author":1,"featured_media":8043,"parent":660,"menu_order":1,"comment_status":"closed","ping_status":"closed","template":"","meta":{"footnotes":""},"_links":{"self":[{"href":"https:\/\/www.jokerbet.es\/blog\/wp-json\/wp\/v2\/pages\/9208"}],"collection":[{"href":"https:\/\/www.jokerbet.es\/blog\/wp-json\/wp\/v2\/pages"}],"about":[{"href":"https:\/\/www.jokerbet.es\/blog\/wp-json\/wp\/v2\/types\/page"}],"author":[{"embeddable":true,"href":"https:\/\/www.jokerbet.es\/blog\/wp-json\/wp\/v2\/users\/1"}],"replies":[{"embeddable":true,"href":"https:\/\/www.jokerbet.es\/blog\/wp-json\/wp\/v2\/comments?post=9208"}],"version-history":[{"count":5,"href":"https:\/\/www.jokerbet.es\/blog\/wp-json\/wp\/v2\/pages\/9208\/revisions"}],"predecessor-version":[{"id":10815,"href":"https:\/\/www.jokerbet.es\/blog\/wp-json\/wp\/v2\/pages\/9208\/revisions\/10815"}],"up":[{"embeddable":true,"href":"https:\/\/www.jokerbet.es\/blog\/wp-json\/wp\/v2\/pages\/660"}],"wp:featuredmedia":[{"embeddable":true,"href":"https:\/\/www.jokerbet.es\/blog\/wp-json\/wp\/v2\/media\/8043"}],"wp:attachment":[{"href":"https:\/\/www.jokerbet.es\/blog\/wp-json\/wp\/v2\/media?parent=9208"}],"curies":[{"name":"wp","href":"https:\/\/api.w.org\/{rel}","templated":true}]}}